he units digit of j?
2
Let l = -3364 + 5982. Suppose -15*s + l = 7*s. What is the units digit of s?
9
Let m = 183 - 181. Let n be ((-9)/(-15))/((-7)/(-35)). Suppose -6*c + 1026 = 5*l - 2*c, m*l - n*c - 392 = 0. What is the units digit of l?
2
Suppose 155*f + 138*f - 8625090 = -1852981. What is the hundreds digit of f?
1
Let c = 2069 - -386. What is the thousands digit of c?
2
What is the ten thousands digit of (-173462)/(-8) - ((-1)/(-14))/(182/(-637))?
2
What is the thousands digit of (493911/27 - -32) + 22/2?
8
Let w = -452 + 1058. Suppose 2*q + 2*k = w, -3*q = -2*k - 1196 + 292. What is the hundreds digit of q?
3
Suppose 0 = 3*z - a - 86, 5*a - 39 = -4*z + 44. Let u be -4*424/(-14) + (-1)/7. Suppose z = -n + u. What is the tens digit of n?
9
What is the thousands digit of (2/(-3))/((-46)/658812)?
9
Suppose -4*d = -31*n + 35*n - 676, 15 = -3*d. What is the units digit of (-174)/n - (-1)/((-2)/(-674))?
6
Let f = 309 - 306. Suppose -12*o + 4257 = -f*o. What is the tens digit of o?
7
Suppose -5*v + 44 = 5*t - 3*t, -3*t - 3*v = -57. Let g(z) = 5*z + 6*z + 4*z + 20 - t*z. What is the units digit of g(-10)?
0
Let j be ((-36)/16 - -1)*-2*2. Suppose -y - y = 2*l, -j*l - 40 = -5*y. Suppose i - 3*f = -2*i + 306, -y*i - 4*f + 440 = 0. What is the tens digit of i?
0
Suppose 7*x - 5*d = 87797, 5*d = -948*x + 950*x - 25067. What is the ten thousands digit of x?
1
Suppose -4*r + 49361 = -5*h, 10*r - 5*h = 11*r - 12309. What is the tens digit of r?
3
Let j = 8261 + -4178. Suppose -13 = -8*w + j. What is the tens digit of w?
1
Let o = 108 + -23. Suppose 5*n + 2*j - 19 = 0, -2 = n + 5*j - 15. Suppose -38 - o = -n*h. What is the units digit of h?
1
Let t = -115327 + 173067. What is the thousands digit of t?
7
Suppose 23*i + 32 - 124 = 0. Suppose -i*d + 2370 + 2802 = 0. What is the units digit of d?
3
Suppose -2*i + 82 + 832 = 2*l, 5*i = 3*l - 1347. Suppose -d + 656 - 182 = v, 0 = d - 3*v - l. What is the units digit of d?
9
Let s(k) = -k. Let m(i) = 9*i + 34. Let y(v) = m(v) + 5*s(v). What is the hundreds digit of y(18)?
1
Let t = 1284 - 610. Let a = 29 + t. What is the hundreds digit of a?
7
Let s(j) = 9*j - 102. Let r be s(12). What is the units digit of ((312 - r) + 5)*1/1?
1
Let j be 2/(-4)*8 + -1 + -1. Let t be 1 - 1 - (-5 - j) - -497. Suppose 30*z - t = 26*z. What is the hundreds digit of z?
1
Let x(u) = 338*u + 5 - 171*u + 437*u**2 - 163*u. What is the tens digit of x(-1)?
3
Let j be 3/(-15) - (-2877)/35. Suppose 0 = i + 1 - j. What is the tens digit of i?
8
Let n be ((-6)/(-10))/((-27)/(-90)). What is the tens digit of ((-2)/4)/(771/(-384) + n)?
6
Suppose 17*m - 15120 = 37*m. Let w = 1550 + m. What is the tens digit of w?
9
Suppose 0 = 40*d - 945635 - 460405. What is the hundreds digit of d?
1
Suppose 12*y - 8*y - 3*b - 30237 = 0, 5*y = -b + 37782. What is the thousands digit of y?
7
Let q be 6 + -1*(3 - 0). Suppose 4*z - 28 = -2*x, -q*x - 3*z = -8*z + 13. Suppose -t = 2*n - n - 165, 0 = 5*n + x*t - 821. What is the units digit of n?
1
Let m = -11 - -12. Let i be -2*m/(-8)*0. What is the units digit of -1 + 23 + 3 + i?
5
Let s = 9852 + 10579. What is the hundreds digit of s?
4
Suppose 2*n + q - 3 = 0, 3*n = q + 6 + 6. Suppose 44 = 7*l - 2*l + 3*m, n*m + 6 = 0. Suppose -4*z = -218 - l. What is the units digit of z?
7
Suppose -2*b - 45 = -11*b. Suppose 310 = 2*a + 2*x, -2*x + x = -5*a + 763. Suppose -82 - a = -b*g. What is the units digit of g?
7
Let i be -3*2*3/(-6). Let k(b) = b**2 + 4*b - 2. Let c be k(-4). What is the tens digit of c*8/(-4)*i?
1
Let r be 35/(-20) + 0 - (-1)/(-4). Let t = 7 + r. Suppose -20 = 5*v - t, 3*b + 3*v = 33. What is the tens digit of b?
1
Suppose 4*k + 2*x - 16788 = 0, k + 6*x = 9*x + 4204. What is the tens digit of k?
9
Suppose 38243 = 15*y - 7507. What is the thousands digit of y?
3
Let g be 2750/6 - (-180)/108. Suppose 0 = -i + g + 784. What is the hundreds digit of i?
2
Suppose 0 = -96*x + 106*x - 63280. What is the hundreds digit of x?
3
Let d(n) = -1271*n**3 - 2*n - 8. What is the hundreds digit of d(-2)?
1
Let d(z) = 30*z**2 + 4*z - 15. Let p(c) = c**2. Let u(m) = d(m) + 3*p(m). What is the units digit of u(3)?
4
Suppose -10*y + 4297 = -6083. What is the thousands digit of y?
1
Let o(f) = 549*f**2 + 7*f - 10. Let x(b) = -1098*b**2 - 16*b + 21. Let m(l) = 13*o(l) + 6*x(l). What is the tens digit of m(-1)?
5
Let n(c) = -7*c + 4. Let f be n(0). Suppose -5*w - 65 + 230 = -5*b, -f*b + 156 = 5*w. Suppose z - w = 2. What is the tens digit of z?
3
Let d(y) = y**3 - 27*y**2 + 56*y + 23. What is the thousands digit of d(30)?
4
Let s(o) = 3*o**3 + 5*o - 1. Suppose -4*m - 2*x + 12 = 0, -3*m - x = -0*x - 8. What is the tens digit of s(m)?
3
Suppose 6 = 3*y + 18, -4*y = -2*n + 100. Suppose n*k = 46*k - 1564. What is the hundreds digit of k?
3
Let g(i) = 4*i**3 - 123*i**2 + 28*i + 176. What is the units digit of g(37)?
7
Let s = 513 + -934. Let p = s + 689. What is the tens digit of p?
6
Let z(v) = 10*v**2 - 2*v - 2. Let k(h) = h**3 + 7*h**2 + 12*h + 31. Let d be k(-6). What is the tens digit of z(d)?
5
Let u(r) = -29 - 27*r - 27*r + 11*r - 22. What is the tens digit of u(-3)?
7
Suppose -2 = f - 4, 3811 = 5*g - 2*f. Suppose -1296 = -5*h + v, 4*h - g = -4*v + 293. What is the hundreds digit of h?
2
Let o(m) = 2*m**2 + m - 16*m**3 + 24*m**3 + 4 - 7*m**3. Let x be o(-2). Suppose 3*q + 169 = x*d + 18, 0 = -2*d + 5*q + 161. What is the units digit of d?
8
Suppose 36*r = 29*r - 196. Let b = r - -86. What is the tens digit of b?
5
Let m(f) = f**3 + 16*f**2 - 19*f + 34. Let r(p) = 2*p - 86. Let o be r(35). What is the tens digit of m(o)?
3
Suppose -71*r = -5*r - 351516. What is the thousands digit of r?
5
Let z be ((-1)/(-3))/((-122)/(-120) + -1). Suppose z*u + 1404 = 26*u. What is the hundreds digit of u?
2
Let k(f) = 8*f**2 + 4*f + 74. Suppose 5*g - 30 + 80 = 0. What is the units digit of k(g)?
4
Let b(h) = 2*h**3 + 91*h**2 - 48*h - 87. Let p be b(-44). Suppose 939 = -9*n + p. What is the tens digit of n?
6
Let q(k) = 3*k**3 + 114*k**2 + 44*k - 128. What is the tens digit of q(-37)?
5
Let v(s) = 10*s**3 - s**2 + 8*s - 5. Let r be v(3). What is the hundreds digit of (10/(-4)*1 - -3)*r?
1
Let x = -443 + 770. Suppose -6*g = -2625 + x. What is the units digit of g?
3
Let g(w) = 97*w**2 + 114*w - 1150. What is the thousands digit of g(11)?
1
Let y = 32324 - 18758. What is the hundreds digit of y?
5
Suppose -5*b - 58*b + 1119371 = -1064587. What is the ten thousands digit of b?
3
Let f be 2*-3 - (-11 - -7). Let r be -10*(-1 + (-339)/f). What is the units digit of (-2)/5 + r/(-25)?
7
Suppose -f - 40*y + 3716 = -36*y, 4*f + 5*y = 14820. What is the hundreds digit of f?
7
What is the thousands digit of 20309 + 52/182 + 57/21?
0
Let g(y) = -y**3 + 3*y**2 - 3. Let z be g(1). What is the units digit of (-408)/z*14/21?
2
Suppose 0 = -u - 2*u + 1158. Suppose 730 = 3*y - u. Suppose 5*c + 4*p - y = 0, 0 = 3*c + 3*p - 60 - 165. What is the tens digit of c?
7
Let h = -2440 - -5570. What is the thousands digit of h?
3
Suppose -v + 9*v = 0. Suppose v = 10*c - 1412 - 3448. What is the tens digit of c?
8
Let f(t) = -101*t + 704. What is the hundreds digit of f(-53)?
0
Let a(o) = -5*o**2 + 5*o - 49. Let p(c) = 2*c**2 + c - 1. Let r(b) = -a(b) - 2*p(b). What is the hundreds digit of r(19)?
2
Suppose 653730 + 337898 = 124*i. What is the units digit of i?
7
Let c(k) = 7*k**2 + 19*k - 65. Let r be c(10). Suppose 13*i - 3*m = 10*i + r, 4*i + 5*m - 1082 = 0. What is the hundreds digit of i?
2
Let o = 1276 - -10729. What is the thousands digit of o?
2
Let t be 4 + 0/(2 - -2) + 0. Suppose -5*j = -g - 20, 14 = -j + 3*g + t. Suppose -2*v = -4*v, 602 = 2*m - j*v. What is the units digit of m?
1
Let z(p) = 4*p**2 + 23*p - 18. Let w be z(-8). Let v = 243 - w. What is the units digit of v?
9
Let k(h) = 269*h**2 + 7*h + 26. What is the ten thousands digit of k(7)?
1
Let k = 11635 - 1197. What is the thousands digit of k?
0
Suppose 4*k - 16 = 24. Let p = -6 + k. Let g(b) = 16*b + 21. What is the tens digit of g(p)?
8
Let g = -530 - -545. Let n(p) = 3*p**3 + 6*p**2 - 2*p + 4. Let v be n(4). Let k = v - g. What is the hundreds digit of k?
2
Suppose 3*l - 28192 = q - 5*q, 5*q - l - 35259 = 0. What is the units digit of q?
1
What is the tens digit of 77620/10 + 21/(-2)*2/(-3)?